 + 10 = -n. Let q(y) = h*g(y) - 7*v(y). Determine q(1).
-11
Let f(s) = -s**3 + 15*s**2 - 13*s - 19. Let a(y) = -8*y + 342. Let d be a(41). What is f(d)?
-5
Let b be (-16)/(-9) - (-16)/72. Let w(p) = 3*p - 4 - 3*p**b + p + 6 + p**3 - 2*p. Calculate w(2).
2
Let n(u) = -3*u - u + 4*u + u**2 + 3 - u + 8*u. What is n(-7)?
3
Suppose b + 2*p - 30 = 5*b, 3*b = 4*p - 20. Let u(s) be the third derivative of 17*s**2 + 0 + 0*s - 1/24*s**4 - 11/6*s**3. What is u(b)?
-3
Let f(b) = 7*b**2 - 13*b + 9. Let w(i) = -3*i**2 + 6*i - 4. Let d = -11 - -13. Let z(m) = d*f(m) + 5*w(m). Give z(3).
1
Suppose 4*t + 21 = 4*r + r, -5*r = 5*t - 30. Let h(j) = -j + 4*j**3 - 3*j**3 + 5 + r*j**2 + 5 - 6*j**2. Give h(0).
10
Let n(m) be the second derivative of m**4/6 - 5*m**3/6 - m**2/2 + 41*m. Determine n(5).
24
Let g(a) = -2*a - 3. Suppose -v + 2 = -62. Let m = -20 + v. Suppose -n - 27 = n - 3*t, -4*n + 4*t - m = 0. Give g(n).
9
Let h(j) = 3*j + 4. Let d(u) = 13*u + 15. Let r(c) = -2*d(c) + 9*h(c). What is r(-9)?
-3
Suppose w - 15 = -2*w. Let f(n) = -n**2 + 2*n + 12. Let h be f(w). Let o(b) be the second derivative of -b**5/20 - b**4/4 - b**3/6 + 8*b. Determine o(h).
3
Let g(i) = -6 + 6 - 5 - 4 + 2*i. Let q be g(7). Let w(n) be the first derivative of -n**2/2 + 6. Determine w(q).
-5
Let q(p) = -p - 6. Suppose 11*z + 504 = 7*z. Let t be z/26 + 8/(-52). Give q(t).
-1
Let u be 5 + (3/(-3) - (-1)/(-1)). Let m(o) = -3 + 4*o**3 - 8*o**2 + 4*o**2 - 5*o**u. Determine m(-5).
22
Let v(q) be the third derivative of -q**7/1680 + q**6/120 - 29*q**5/60 - 17*q**2. Let i(h) be the third derivative of v(h). Determine i(4).
-6
Let y(h) = 3*h**2 + 9*h + 1. Let r(s) = 9*s + 273. Let w be r(-31). Give y(w).
55
Let h(z) = z**2 + 13*z - 23. Let s(v) = v**2 + 13*v - 24. Let a(p) = 7*h(p) - 6*s(p). Calculate a(-15).
13
Let g(q) = -5*q + 0*q + q + 9 + q + q**3 - q**2 + 2*q. What is g(0)?
9
Suppose -11*b + 14*b = -129. Let x = 41 + b. Let n(p) = 3*p - 2. Let q(s) = 2*s - 2. Let c(o) = 6*n(o) - 7*q(o). Give c(x).
-6
Let a = -2033 - -2048. Let l(f) = f**3 - 14*f**2 - 16*f + 1. Give l(a).
-14
Let a(p) = -p + 5. Let x be a(5). Suppose -i + 15 - 5 = x. Suppose -i*z + 18 = -13*z. Let j(o) = -o**2 - 7*o + 8. Calculate j(z).
14
Suppose -o = 2*x - 6*x - 29, 0 = -3*x + o - 22. Let w(r) be the second derivative of 15*r + 0 - 7/2*r**2 - 1/6*r**3. Calculate w(x).
0
Suppose 2 = -2*a + a. Let f = a - 2. Let o(w) = -w + 6*w + 4 - 7 - 6*w. Calculate o(f).
1
Let j(q) = 2*q**2 + 2*q + 16*q - 4 - q**2. Let v be j(-18). Let m(u) = u. Determine m(v).
-4
Let m(f) = f**2 - 4*f - 3. Let z(p) = -21*p + 20. Let o be z(1). Give m(o).
2
Let u(g) be the third derivative of -g**5/20 + g**4/8 - g**3/6 - 3*g**2. Let j(p) = -p**2 - p. Let o(r) = 3*j(r) + u(r). What is o(1)?
-7
Let k(a) be the first derivative of -32*a - 6 + a**2 + 75*a - 22*a - 30*a. What is k(9)?
9
Let d be -5 - 1 - (-2 + 1). Let a(o) be the first derivative of o**3/3 + 2*o**2 + o - 39. Determine a(d).
6
Let g(p) = -4*p + 5 + 3 + 10 - 17. Suppose 4*c - 2 - 2 = 0. Give g(c).
-3
Let y = 3 + 5. Let i(j) be the second derivative of -j**4/12 + 3*j**3/2 - 5*j**2/2 + 1286*j. Determine i(y).
3
Let d(n) = -n - 6. Let p be 6/9*(1 + 7 + 1). Let m = p + -11. Give d(m).
-1
Let t(a) = 20 - 3*a + 0*a + 2*a - a. Let q be t(13). Let o(u) = -u**3 - 5*u**2 + 3*u + 5. Determine o(q).
23
Let k(z) be the third derivative of -z**4/24 - 4*z**3/3 - 3*z**2. Let a be k(-10). Let c(y) = 1 + y**3 - 2*y**3 + y**a + 3 + 0. Determine c(0).
4
Let d(r) = -7*r + 9. Suppose -2*b - 2*c - 34 = 2*b, -3*c + 15 = -5*b. Let i(j) = -20*j + 26. Let u(f) = b*i(f) + 17*d(f). What is u(-4)?
-7
Let z = -422 + 417. Let v(n) = -n**3 - 3*n**2 + 5*n + 7. What is v(z)?
32
Let s(r) be the third derivative of 0 + 0*r**5 + r**2 - 1/30*r**6 - 1/6*r**3 + 0*r + 0*r**4. Suppose -3*a + 8*a - 9 = -4*f, 3*f - 3 = 0. Give s(a).
-5
Let x(l) = -12 + 3*l**2 - 3 + 3*l**2 - 4*l + l**3 + 17 - 6. Let j be ((-2)/2)/((-1)/(-6)). Determine x(j).
20
Let t(k) = -5*k + 11. Let x(a) = 26*a - 54. Let d(w) = -16*t(w) - 3*x(w). Let c be d(6). Let p(l) = l**3 + 3*l**2 + 2*l. Determine p(c).
0
Suppose 3*m = 5*m + o + 6, -3*o - 9 = -3*m. Let u(i) = 7*i**2 + i. Calculate u(m).
6
Let j(m) = -3*m + 6. Let a(o) = -9*o + 11. Let s(w) = -2*a(w) + 5*j(w). Determine s(-6).
-10
Let b = 31 + -27. Let x be (-1 + -4)*b/10. Let w(q) be the first derivative of -q**4/4 - q**3 - q**2/2 + q - 2. What is w(x)?
-1
Let l(t) = -2*t - 5. Let j = 27 - 39. Let d = -8 - j. Suppose 2*q - 4*r + 2 = -0*r, -d*q - 5*r = 30. Determine l(q).
5
Let u(c) = c**3 - 14*c**2 - 17*c + 32. Let h be u(15). Let j(o) = o + 1 + h + 0. Give j(0).
3
Let w(v) be the third derivative of v**5/40 + 5*v**4/24 - v**3/2 - 2*v**2. Let i(n) be the first derivative of w(n). Let u be (2 - -1)/((-6)/8). What is i(u)?
-7
Let y(x) = 2*x**2 + 6 - 4 + 0 - 3*x**2 + 6 - 10*x. Determine y(-10).
8
Let b = 23 - 43. Let t be (-1 - -9)*(-3 + b/(-8)). Let m(y) = y**2 + 5*y + 4. Give m(t).
0
Let f(j) = -6*j + 201. Let b be f(34). Let n(p) = 4*p + 11. Calculate n(b).
-1
Let f = -1460 - -1467. Let w(u) = 2*u + 13. Give w(f).
27
Let z(j) = 4*j**2 - 10*j - 2. Let t(g) = 5*g**2 - 14*g. Let n(x) = -5*t(x) + 6*z(x). What is n(7)?
9
Let s(g) = g**3 - g + 1. Let m(z) = 3*z**3 + z - 1. Let q(v) = -m(v) + 2*s(v). Let j = 143 - 141. Calculate q(j).
-11
Suppose 2*q = -2*x + 132, 3*q - 342 = -2*q - x. Let m = q + -75. Let l(j) = -j - 9. Calculate l(m).
-3
Suppose -5*j - 5*a - 45 = 0, 2*a + 8 = -0. Let o = -2 - j. Let t(l) = 3*l + 8. Let x(p) = p + 2. Let v(m) = -3*t(m) + 10*x(m). What is v(o)?
-1
Let i = 7 - 4. Let w(z) = -z + 2. Let p(u) = -1. Let r = 32 + -37. Let t(k) = r*p(k) - w(k). Calculate t(i).
6
Let f = -4 - -7. Let w(g) = -g**2 + g - 4*g**2 + 6*g**2 + 14 - 18. Give w(f).
8
Let h = 30 + -30. Suppose -6 = -z - h*z. Let a(o) = o**2 - 7*o + 8. Give a(z).
2
Let i(v) = -71*v - 6. Let j be i(0). Let n(a) = -6*a - 3. Let x be n(-2). Let p(s) = x + 3 + 2*s - 5. Determine p(j).
-5
Let j = 6 - 4. Let a(r) = -21*r**2 - 9*r. Let x(k) = -26*k**2 - 13*k + 1. Let d(l) = -4*a(l) + 3*x(l). What is d(j)?
21
Let q(m) = -3*m**3 - 4*m**2 - 9*m - 4. Let v(x) = 7*x**3 + 7*x**2 + 19*x + 9. Let o(w) = 5*q(w) + 2*v(w). Let j be 6*15/(-18)*1. Calculate o(j).
8
Suppose 15 = 3*y - 2*x, -24 = 17*y - 22*y + 3*x. Let p(n) = 3 - 3*n + 3*n**2 - 2 - 3. Let l(k) = -5*k**2 + 5*k + 3. Let w(q) = -5*l(q) - 8*p(q). What is w(y)?
7
Let w(j) = 35*j - 4. Let h(y) = -6*y + 1. Let a(x) = -6*h(x) - w(x). Let i(c) = -11*c. Let q be i(-1). Suppose 19 + q = 5*t. What is a(t)?
4
Let g(a) = a**2 + 8*a - 12. Suppose r - 7 = -2, 0 = 2*x + 4*r. Determine g(x).
8
Let r(x) be the first derivative of -x**5/20 + 2*x**4/3 - 7*x**3/6 - x**2/2 + 6*x - 10. Let d(n) be the first derivative of r(n). Give d(7).
-1
Suppose -84 = -6*h - 0*h. Let m(u) = -h*u + 3 + 31*u - 15*u - u**2. Calculate m(-2).
-5
Let w(m) be the third derivative of m**5/60 + 7*m**4/24 + 7*m**3/6 + m**2. Let n be ((-3)/(6/7))/((-8)/(-16)). Determine w(n).
7
Let f(i) = -4 + 3 + 5*i - i. Suppose 3*a + 14 = -5*n, 5*a - 1 = -2*n + 1. Calculate f(a).
7
Let y(r) = -r + 19. Let t be -15*1/(-3) + 6. Determine y(t).
8
Let c be ((-120)/50)/(8/20). Let o(i) = 3*i + 26. Determine o(c).
8
Let a(n) = n**3 + 10*n**2 + 9*n + 5. Let l be a(-9). Suppose -5 = -l*b + 10. Let i(u) = u**3 + 0 + 2 + 2*u**2 - 1 - b. Calculate i(-2).
-2
Let n(i) = -i**2 + 7*i + 1. Let o(f) = f**2 + 2*f**2 - 2*f**2 - 2*f**2 + 11*f. Let z be o(5). Suppose y + 4*y = z. Give n(y).
7
Suppose 2*b + 180 = -2*b + 4*j, -3*b = -4*j + 135. Let n be ((-1)/3)/((-5)/b). Let w(g) = -g - 1. Determine w(n).
2
Let c(x) = -x**2 + 6*x - 2. Suppose 4*v - 3*v = 12. Let y be 4/8*1*v. What is c(y)?
-2
Suppose -3*i = -4*z + 44, -2*z + 0*i + 36 = -5*i. Let u = -2 + z. Let c(q) = -q + 6*q - 101*q**3 + u*q**2 + 102*q**3. Calculate c(-5).
0
Let b = 17 - 14. Suppose 2*p = 4*c - 3*p + 55, 0 = -4*c - b*p - 31. Let z = 4 + c. Let d(y) = y**3 + 7*y**2 + 5*y - 3. Give d(z).
3
Suppose 4*b + 0 = 4, -u = -5*b + 8. Let y(j) = 2*j. Determine y(u).
-6
Suppose -70 = -15*y - 10. Suppose -y*j = -5*h + 47, -3*h + 20 = -5*j - 16. Let o(z) = -z**2 + 8*z - 8. Calculate o(h).
-1
Let c be (-1554)/(-462) - (-8)/(-22). Let w(t) = -5 + 5*t - 1 - 2*t + 5. What is w(c)?
8
Let u(p) = -7*p - 2. Let t(f) = -10*